f 119710260?
True
Is 4253298 a multiple of 1666?
True
Is 22 a factor of 51217897?
False
Does 7910 divide 657020420?
True
Is 3454516098 a multiple of 127?
False
Is 46156377 a multiple of 1173?
True
Does 648 divide 73192248?
True
Does 81 divide 51722477?
False
Does 42 divide 394878415?
False
Does 8804 divide 1758580644?
False
Is 13092184 a multiple of 56?
True
Is 56 a factor of 2665063241?
False
Is 298045431 a multiple of 69?
True
Does 285 divide 119704778?
False
Does 7 divide 22634948?
True
Is 985 a factor of 322907625?
True
Does 28 divide 840617257?
False
Is 13636523 a multiple of 148?
False
Is 1588 a factor of 99269269?
False
Does 245 divide 33331025?
True
Is 16392592 a multiple of 85?
False
Is 569 a factor of 49849773?
False
Is 2 a factor of 3084164?
True
Does 2133 divide 11903636?
False
Is 258143098 a multiple of 262?
True
Does 9 divide 12809814?
False
Does 2374 divide 139720321?
False
Is 1139059676 a multiple of 197?
False
Is 345 a factor of 217377389?
False
Is 2177 a factor of 862608548?
False
Is 339379328 a multiple of 118?
True
Does 23 divide 7760890?
True
Does 129 divide 4128903?
True
Is 67548416 a multiple of 832?
True
Is 143146791 a multiple of 6008?
False
Is 132 a factor of 19412282?
False
Does 44 divide 233024?
True
Is 117764040 a multiple of 3720?
True
Does 155 divide 4762530?
True
Is 124524987 a multiple of 56?
False
Does 70 divide 1063535550?
True
Is 1175423268 a multiple of 3982?
False
Is 636413 a multiple of 21?
False
Is 10383282 a multiple of 13?
True
Is 3816 a factor of 51828912?
True
Is 30085449 a multiple of 9?
False
Is 2510504352 a multiple of 1368?
True
Is 45407061 a multiple of 81?
True
Is 25778739 a multiple of 3?
True
Is 208 a factor of 2692216384?
True
Is 26 a factor of 112750274?
True
Does 1549 divide 645834529?
False
Does 32 divide 34101519?
False
Is 35 a factor of 3487617?
False
Is 130 a factor of 143303290?
True
Is 1414085268 a multiple of 9991?
False
Is 1122511311 a multiple of 164?
False
Is 6023431 a multiple of 5?
False
Is 1821 a factor of 689606044?
False
Does 55 divide 8567062?
False
Does 98 divide 117665464?
True
Is 10714284 a multiple of 21?
True
Is 176370342 a multiple of 37?
True
Is 73 a factor of 120510530?
False
Is 1898 a multiple of 949?
True
Does 12 divide 2093039644?
False
Is 405 a factor of 1802178?
False
Is 237074736 a multiple of 24?
True
Is 3369494696 a multiple of 287?
False
Is 402970950 a multiple of 423?
True
Is 251653853 a multiple of 7661?
False
Is 203 a factor of 520450994?
True
Does 1329 divide 2254950995?
False
Is 30297685 a multiple of 1501?
True
Is 1950 a factor of 43122300?
True
Is 30 a factor of 62056860?
True
Is 49 a factor of 109788175?
True
Is 15 a factor of 25887450?
True
Is 9 a factor of 226713282?
False
Is 231 a factor of 75873541?
False
Is 4968579 a multiple of 21?
True
Does 91 divide 593593?
True
Does 504 divide 67592952?
True
Does 6415 divide 290984400?
True
Is 44 a factor of 7773832?
True
Does 413 divide 306955642?
True
Is 1275652914 a multiple of 99?
False
Does 2090 divide 51236859?
False
Does 6 divide 79052520?
True
Does 101 divide 7271635?
False
Is 743 a factor of 1345708226?
True
Is 65255804 a multiple of 33?
False
Is 1974712950 a multiple of 203?
True
Is 1934 a factor of 641198360?
True
Is 190245024 a multiple of 2736?
True
Is 45 a factor of 255084705?
True
Does 2073 divide 307529127?
False
Is 23 a factor of 709857869?
False
Does 18 divide 1946438712?
True
Is 52 a factor of 46882992?
True
Is 222 a factor of 13274490?
True
Is 90506920 a multiple of 10?
True
Does 564 divide 17297471?
False
Is 13691912 a multiple of 52?
True
Does 701 divide 53362924?
True
Is 4950 a factor of 702986821?
False
Is 6683425 a multiple of 12?
False
Is 48 a factor of 402428064?
True
Is 2066538 a multiple of 3?
True
Does 89 divide 101552198?
False
Is 81379192 a multiple of 1709?
False
Does 40 divide 153681880?
True
Is 165597584 a multiple of 5?
False
Does 847 divide 257622403?
False
Is 17 a factor of 212654?
False
Is 86954714 a multiple of 1694?
True
Does 717 divide 164187996?
False
Is 3584 a factor of 20995072?
True
Is 6615 a factor of 142427565?
True
Is 344 a factor of 207607784?
True
Does 3069 divide 711148680?
True
Is 158494128 a multiple of 408?
True
Is 45068562 a multiple of 198?
True
Does 1312 divide 819780592?
False
Is 2365975 a multiple of 19?
True
Does 87 divide 39724287?
True
Is 6316584 a multiple of 18?
False
Is 80 a factor of 19136253?
False
Does 23 divide 1028020765?
True
Is 13 a factor of 36838548?
False
Does 10 divide 45641330?
True
Is 2095 a factor of 123077060?
True
Does 25 divide 93258384?
False
Is 2472 a factor of 2340081183?
False
Is 136 a factor of 12381598?
False
Does 118 divide 378070400?
False
Is 64702676 a multiple of 1999?
False
Is 14497106 a multiple of 44?
False
Does 66 divide 116361432?
True
Is 7035168 a multiple of 232?
True
Does 408 divide 830222825?
False
Is 111159731 a multiple of 15?
False
Is 150738340 a multiple of 12?
False
Is 1942 a factor of 911380515?
False
Is 4 a factor of 297396983?
False
Is 1338250880 a multiple of 640?
True
Does 324 divide 62524548?
True
Is 172 a factor of 95363508?
True
Is 36 a factor of 1559596553?
False
Is 486991782 a multiple of 1251?
True
Does 22 divide 11682815?
False
Does 23 divide 3383829?
True
Is 24 a factor of 1526606376?
True
Is 115138929 a multiple of 270?
False
Does 151 divide 3981686792?
False
Does 5 divide 1117421415?
True
Is 97 a factor of 259995114?
True
Is 18765127 a multiple of 627?
False
Does 426 divide 134639430?
True
Does 5 divide 152207180?
True
Does 8 divide 7229936?
True
Does 87 divide 97397544?
True
Is 165827620 a multiple of 140?
True
Is 184446554 a multiple of 1940?
False
Does 3889 divide 378457255?
False
Is 37 a factor of 140668894?
True
Is 28653761 a multiple of 4127?
True
Does 2025 divide 983203895?
False
Is 63 a factor of 29457288?
True
Is 216255392 a multiple of 4?
True
Does 49 divide 59970806?
True
Is 1888 a factor of 922565536?
True
Is 16 a factor of 239797911?
False
Does 4 divide 149469820?
True
Is 213131034 a multiple of 205?
False
Is 67176825 a multiple of 15?
True
Is 18 a factor of 31225968?
True
Is 821220012 a multiple of 36?
True
Is 120589303 a multiple of 934?
False
Does 619 divide 40800213?
False
Does 65 divide 1084557212?
False
Is 689140229 a multiple of 209?
False
Is 18 a factor of 157294211?
False
Is 638 a factor of 25105300?
True
Is 4103358678 a multiple of 129?
True
Is 21867380 a multiple of 566?
False
Is 23 a factor of 638983?
False
Is 69573661 a multiple of 131?
False
Does 14 divide 59401916?
True
Does 572 divide 76462229?
False
Is 278393413 a multiple of 1719?
False
Does 22 divide 92249348?
False
Is 335 a factor of 324233801?
False
Is 180 a factor of 16110221?
False
Is 912068570 a multiple of 70?
True
Does 1667 divide 27112088?
True
Does 9 divide 102912048?
True
Does 66 divide 8833440?
True
Is 34541237 a multiple of 25?
False
Is 7223 a factor of 546022685?
True
Does 273 divide 10146045?
True
Does 347 divide 99214934?
True
Does 2232 divide 461435352?
False
Is 1032 a factor of 916961928?
True
Does 33 divide 2753188?
False
Does 9 divide 86605137?
True
Is 34 a factor of 221823405?
False
Is 322 a factor of 1123780?
True
Does 6 divide 12025452?
True
Does 1962 divide 341289017?
False
Is 184 a factor of 25208081?
False
Does 48 divide 219981730?
False
Is 368274181 a multiple of 1266?
False
Is 14 a factor of 128003440?
False
Is 90599424 a multiple of 3504?
True
Is 2433 a factor of 72749883?
False
Does 340 divide 14432255?
False
Is 1950 a factor of 39723450?
True
Does 35 divide 86254686?
False
Is 6 a factor of 72617958?
True
Is 105 a factor of 142039854?
False
Is 16607667 a multiple of 267?
True
Is 93 a factor of 673271000?
False
Is 905392017 a multiple of 453?
False
Does 661 divide 825725166?
True
Is 17189751 a multiple of 40?
False
Does 182 divide 8908255?
False
Is 44 a factor of 442758668?
True
Does 25 divide 270657467?
False
Does 121 divide 845986383?
True
Does 418 divide 24282456?
True
Does 274 divide 21609284?
True
Is 35 a factor of 64852724?
False
Is 721057358 a multiple of 146?
False
Is 2347744860 a multiple of 1377?
False
Is 23 a factor of 4429593?
True
Does 371 divide 8859480?
True
Is 14 a factor of 28561960?
True
Is 190268838 a multiple of 81?
True
Does 295 divide 926838080?
True
I